.
20b
Convert -7066 (base 10) to base 2.
-1101110011010
-1001011011101 (base 2) to base 6
-34205
8504 (base 12) to base 7
60262
What is -7619 (base 14) in base 5?
-1123112
5950 (base 10) to base 3
22011101
-222120 (base 3) to base 14
-393
-6552 (base 8) to base 14
-1374
8c (base 15) to base 7
246
What is -3560 (base 7) in base 15?
-5cb
111 (base 8) to base 2
1001001
What is 1033 (base 5) in base 14?
a3
-4100 (base 7) to base 3
-1221122
1010001111 (base 2) to base 15
2da
What is 38766 (base 10) in base 2?
1001011101101110
Convert c689 (base 13) to base 4.
12231203
What is -2414 (base 5) in base 15?
-18e
What is 3a9a (base 11) in base 2?
1010011000000
Convert -1212221 (base 3) to base 12.
-967
What is -110100110111 (base 2) in base 6?
-23355
1176 (base 10) to base 13
6c6
Convert -17256 (base 8) to base 15.
-24d9
Convert 112022 (base 4) to base 14.
734
Convert 767 (base 14) to base 2.
10110110111
Convert -204412 (base 5) to base 16.
-1ac9
-255 (base 6) to base 12
-8b
Convert -163004 (base 8) to base 13.
-20a57
What is 23103 (base 4) in base 13?
438
-cc0 (base 13) to base 12
-1320
-6883 (base 11) to base 6
-105513
What is 10010101000 (base 2) in base 8?
2250
-232 (base 7) to base 12
-a1
12032 (base 16) to base 6
1325322
What is -12232130 (base 4) in base 7?
-143213
-21102100 (base 3) to base 13
-2601
What is 204401 (base 5) in base 2?
1101011000011
3791 (base 13) to base 4
1323110
-151035 (base 6) to base 10
-14495
What is 215 (base 14) in base 6?
1523
Convert 854 (base 12) to base 9.
1601
Convert 221 (base 8) to base 14.
a5
4152 (base 8) to base 15
989
Convert -20530 (base 6) to base 5.
-42130
What is 48497 (base 10) in base 14?
13961
Convert 1703 (base 13) to base 6.
23355
-137 (base 15) to base 4
-10111
210022201 (base 3) to base 16
3cb8
-333054 (base 6) to base 4
-12303322
-101010000110 (base 2) to base 14
-da6
Convert -12435 (base 6) to base 11.
-1473
What is 517 (base 8) in base 10?
335
What is 42400 (base 6) in base 7?
22536
Convert 312 (base 4) to base 2.
110110
-1220202 (base 4) to base 15
-1eb0
Convert -b325 (base 14) to base 2.
-111100001010101
Convert -124 (base 15) to base 11.
-216
What is 342 (base 6) in base 11?
112
Convert 2bd (base 16) to base 7.
2021
-2141 (base 8) to base 16
-461
557 (base 8) to base 16
16f
Convert -110001022 (base 3) to base 9.
-13038
What is -13112 (base 7) in base 10?
-3488
What is -2c1 (base 15) in base 12?
-447
Convert 588 (base 13) to base 12.
679
Convert 101012 (base 3) to base 10.
275
Convert 5ba8 (base 12) to base 15.
3102
-12dc (base 14) to base 9
-4510
What is -223002 (base 6) in base 12?
-aa62
What is 23321 (base 4) in base 2?
1011111001
What is -12611 (base 7) in base 2?
-110100111101
304020 (base 5) to base 8
23235
-1020022 (base 3) to base 10
-899
36715 (base 9) to base 4
12000332
Convert -a02c (base 13) to base 16.
-55f8
Convert 422 (base 7) to base 12.
158
-28254 (base 9) to base 13
-8953
Convert 626 (base 9) to base 14.
286
18c1 (base 13) to base 9
5067
What is -539a (base 11) in base 10?
-7127
Convert 12433 (base 6) to base 5.
30033
What is 63b7 (base 13) in base 14?
5087
Convert -2101202 (base 3) to base 7.
-5045
352 (base 8) to base 3
22200
What is -10468 (base 10) in base 13?
-49c3
What is 4512 (base 12) in base 10?
7646
What is 95ca (base 13) in base 14?
7808
What is -831 (base 16) in base 12?
-1269
What is -231011 (base 4) in base 7?
-11261
What is 231401 (base 6) in base 9?
30141
What is 1252 (base 8) in base 13?
406
What is -141113 (base 9) in base 3?
-11101010110
Convert -3141 (base 5) to base 3.
-120121
Convert -2ff9 (base 16) to base 3.
-121211212
Convert 27585 (base 9) to base 8.
44423
Convert cd61 (base 14) to base 13.
13256
What is -373 (base 11) in base 16?
-1bb
What is 232302 (base 4) in base 3?
11002220
Convert -5262 (base 7) to base 15.
-83c
Convert b67e (base 15) to base 5.
2213334
What is 3004 (base 5) in base 6?
1431
Convert 100101110010 (base 2) to base 12.
1496
What is 292b (base 13) in base 2?
1011101000000
Convert 103a (base 11) to base 12.
966
What is -142 (base 11) in base 13?
-cb
Convert -52c (base 13) to base 4.
-31303
Convert 112130 (base 4) to base 12.
9b8
-110210011 (base 3) to base 9
-13704
b8 (base 16) to base 9
224
Convert -45ae (base 16) to base 4.
-10112232
-11112 (base 6) to base 7
-4352
20122 (base 6) to base 9
3555
What is 656 (base 9) in base 13?
324
Convert ed4 (base 16) to base 11.
2941
Convert -100221 (base 3) to base 10.
-268
212221 (base 3) to base 12
45a
What is -1011 (base 9) in base 10?
-739
Convert -4400 (base 6) to base 15.
-473
3677 (base 12) to base 10
6139
What is -41462 (base 7) in base 5?
-311222
Convert 12111 (base 3) to base 14.
a8
Convert 3043 (base 5) to base 9.
482
Convert -422421 (base 5) to base 10.
-14111
What is -858 (base 16) in base 14?
-ac8
-27511 (base 9) to base 4
-10203100
Convert 6a42 (base 11) to base 8.
22032
-216604 (base 7) to base 15
-b581
-11010001 (base 2) to base 6
-545
Convert 1755 (base 8) to base 7.
2634
5033 (base 6) to base 12
779
Convert b40 (base 13) to base 10.
1911
What is 5b2 (base 12) in base 6?
3542
What is 17a91 (base 11) in base 9?
37585
Convert 22044 (base 7) to base 13.
2688
What is -424 (base 8) in base 9?
-336
Convert -101bc (base 14) to base 12.
-1a536
Convert 1262 (base 8) to base 2.
1010110010
Convert 1110000001111 (base 2) to base 9.
10761
What is 14299 (base 10) in base 4?
3133123
What is -11111202 (base 3) in base 15?
-e92
-2 (base 3) to base 16
-2
1584 (base 9) to base 4
102322
What is -17080 (base 14) in base 16?
-e188
What is 1342400 (base 5) in base 7?
144124
Convert -2055 (base 6) to base 7.
-1235
2208 (base 9) to base 4
121130
What is -101010000111111 (base 2) in base 14?
-7c07
What is -1d5 (base 14) in base 3?
-112012
1010012 (base 3) to base 8
1457
What is 3422 (base 11) in base 9?
6151
Convert 343 (base 9) to base 16.
11a
-2566 (base 7) to base 15
-454
-7601 (base 9) to base 16
-15d6
441343 (base 6) to base 3
1212021000
What is -7e75 (base 15) in base 4?
-12210011
-b0 (base 12) to base 4
-2010
What is 212221002 (base 3) in base 2?
100010000100100
-131 (base 8) to base 16
-59
What is 2110232 (base 4) in base 2?
10010100101110
What is 7394 (base 15) in base 10?
24439
-1412 (base 8) to base 7
-2161
5a5b (base 12) to base 14
39b1
16e (base 16) to base 10
366
Convert -343c (base 14) to base 6.
-105554
Convert 1d43 (base 14) to base 2.
1010011100111
What is -10101001010001 (base 2) in base 14?
-3d3b
848 (base 16) to base 13
c71
Convert -4140 (base 5) to base 15.
-265
-2821 (base 9) to base 14
-abb
What is 2203003 (base 4) in base 12?
6057
-31660 (base 9) to base 16
-51d8
-46c (base 16) to base 6
-5124
Convert 21123 (base 4) to base 10.
603
What is 872 (base 13) in base 10?
1445
Convert 1226 (base 12) to base 11.
15a0
What is -898a (base 16) in base 5?
-2111320
What is 42482 (base 9) in base 5?
1344400
What is 20034 (base 6) in base 7?
10423
What is -21132 (base 9) in base 6?
-144345
-2450 (base 7) to base 14
-497
Convert 155210 (base 6) to base 4.
3300312
Convert 2300 (base 9) to base 15.
786
Convert 12232 (base 5) to base 15.
42c
-2120 (base 8) to base 12
-780
What is -2211 (base 6) in base 7?
-1330
-a93 (base 13) to base 6
-12214
What is b7 (base 16) in base 8?
267
Convert -1000001010110110 (base 2) to base 9.
-50810
2020302 (base 5) to base 16
7f41
What is -5436 (base 10) in base 16?
-153c
What is -1331 (base 8) in base 6?
-3213
What is 161 (base 7) in base 13?
71
-593 (base 15) to base 14
-663
Convert -1100000 (base 2) to base 9.
-116
Convert 3143 (base 6) to base 5.
10321
What is -6454 (base 8) in base 3?
-11121220
Convert -1a1 (base 15) to base 6.
-1424
What is 7b (base 12) in base 10?
95
Convert -218 (base 12) to base 2.
-100110100
10a (base 12) to base 16
9a
What is -1207 (base 9) in base 7?
-2422
4452 (base 8) to base 10
2346
Convert 1004402 (base 6) to base 11.
328a3
Convert -36 (base 11) to base 4.
-213
Convert -2416 (base 7) to base 3.
-1020011
3005 (base 11) to base 3
12111002
Convert 22d (base 14) to base 13.
274
5541 (base 10) to base 2
1010110100101
Convert -3 (base 11) to base 14.
-3
Convert 663 (base 13) to base 4.
101013
What is 100101001 (base 2) in base 8?
451
111101011 (base 2) to base 16
1eb
Convert 24b15 (base 12) to base 6.
1023225
-54435 (base 6) to base 12
-